or of j(14)?
True
Suppose -x = -3*x + 4. Suppose -3*f = 3*v + 2*f + 3, -x*f - 18 = -3*v. Does 3 divide (0 + 4)/(2/v)?
False
Let t(r) = 7*r + 475. Does 10 divide t(0)?
False
Let y(d) = -d**3 + 10*d**2 - 5*d - 12. Is 34 a factor of y(6)?
True
Suppose -5*j + 5*t + 23 = 8, 5*j + 3*t - 7 = 0. Let y be (0 + -2 + j)/(-3). Let p(u) = u**2 - u + 74. Does 25 divide p(y)?
False
Let i = -175 - -691. Is 20 a factor of i?
False
Let m(a) = -a**2 - 7*a - 2. Let u be m(-6). Suppose t = u*t. Suppose t = -4*g - 0*g + 136. Does 17 divide g?
True
Suppose -u + 8*u = -56. Let c(k) be the third derivative of -5*k**4/24 + 3*k**3 - 3*k**2. Is c(u) a multiple of 18?
False
Let z = 10 - 56. Let l = z - -75. Is 29 a factor of l?
True
Is 30 a factor of (130/(-8))/((-85)/2040)?
True
Let k = -53 - -13. Is (k/12)/((-6)/162) a multiple of 18?
True
Let d(z) = -z**3 - 9*z**2 - 8*z + 3. Let p be d(-8). Let j = -4 + 16. Suppose -p*x + 54 - j = 0. Is x a multiple of 14?
True
Let j be 9/9 - (1 - 0). Suppose -179 = -2*r - n - j*n, 0 = -n - 3. Is 35 a factor of r?
False
Let l(j) = 5*j + 45. Let x be l(-8). Suppose m - 1549 = -x*k - 3*m, -616 = -2*k + 2*m. Is k a multiple of 54?
False
Suppose 472 = h - 298. Is 7 a factor of h?
True
Let l be 6/(-39) + 54/13. Suppose -l*x = -3*m - 570 - 553, 4*x + m = 1119. Suppose -5*j + s = -4*s - x, -5*s = -3*j + 164. Is 11 a factor of j?
False
Let r be 4*3/36*3. Does 17 divide 3 + -3 + 47 + r?
False
Suppose 4*f = 8*f + 68. Let s = f - -29. Is s a multiple of 5?
False
Let u = -40 + 99. Let t = 90 - 47. Suppose 0 = -2*h + u + t. Is h a multiple of 17?
True
Let j(p) be the second derivative of -1/20*p**5 - 7/6*p**3 + 0 + 5*p - p**2 + 7/12*p**4. Is j(5) a multiple of 13?
True
Let m(k) be the first derivative of -27/2*k**2 + 8*k + 1. Does 38 divide m(-4)?
False
Suppose 0 = s + 4*s - 1225. Let m(w) = w**3 + 6*w**2 + 2*w + 5. Let d be m(-6). Does 10 divide s/d*6/(-7)?
True
Let u = 914 - 597. Is 20 a factor of u?
False
Is 1/(-1) - ((-405)/3 - 2) a multiple of 37?
False
Let j = 980 + 913. Is 39 a factor of j?
False
Let g be ((-9)/6)/((-1)/4). Let m = -2 + 5. Suppose -24 = -2*h - 2*r, m*r - g*r = -3*h + 54. Is 5 a factor of h?
True
Let k = -26 - -4. Let w = -137 - -128. Let b = w - k. Does 12 divide b?
False
Let v be (-32)/6 + 4/(-6). Let h be -2 + v - (1 + -1). Does 13 divide (6/h)/((-1)/100)?
False
Suppose -3*o = -5*w + 28, -13 = 5*o - w + 19. Let m(c) = 7*c**2 + 6*c - 15. Is 37 a factor of m(o)?
False
Let c = 0 + -6. Suppose 12*q - 6 + 702 = 0. Let i = c - q. Is i a multiple of 14?
False
Let t be (5 + -7 - 2) + (1 - -7). Let j(a) = -a + 1. Let z be j(-2). Suppose -z*r = -4*i - 29, -6*r + 4*r - t*i = 14. Does 2 divide r?
False
Suppose -242 - 472 = -2*x. Suppose -r - 7*v + 2*v + 201 = 0, 0 = 2*r + v - x. Is 16 a factor of r?
True
Let q = -254 - -389. Does 34 divide q?
False
Suppose 0 = -80*h + 12851 - 1651. Is 10 a factor of h?
True
Suppose -7*i + 4*i = -900. Is i a multiple of 20?
True
Suppose 2*o = 2*b - 5*b + 35, 0 = 3*o - 5*b - 100. Suppose -2*y + 28 = 2*u, -4*y + 6*y = -u + o. Does 6 divide y?
False
Does 4 divide 124/930 - (-298)/15?
True
Let m(j) = -60*j - 213. Is m(-5) even?
False
Suppose 8*b - b = 105. Is 7 a factor of 582/b + 2/10?
False
Suppose -3*o = -7 - 11. Let s(c) = -4*c**2. Let l be s(o). Let t = -90 - l. Is t a multiple of 27?
True
Let o = 1128 - 876. Does 2 divide o?
True
Let z = -25 + 20. Let k(o) = 4*o**2 + 3*o - 3. Is k(z) a multiple of 13?
False
Let x(k) = -k**3 - 3*k**2 + 4*k + 10. Let i be x(-3). Does 11 divide (-3)/21 + i/((-70)/1755)?
False
Suppose 3*l - 2 = 7, 0 = -p - 2*l + 6. Suppose p = 3*i + i - 64. Let s = i - 10. Is s a multiple of 4?
False
Suppose -8*p - 39 = -21*p. Suppose 0*b + 5*b = -3*k + 620, -2*b + 227 = -p*k. Is b a multiple of 16?
False
Suppose 1391*u = 1378*u + 34983. Does 28 divide u?
False
Let n = -27 + 16. Let s(t) = -t - 1. Let q be s(n). Suppose 34 + q = g. Is g a multiple of 22?
True
Let x(g) = -g**3 + 11*g**2 + 12. Let t be x(5). Let c = 290 - t. Is 13 a factor of c?
False
Let q(b) = -b**2 + 2*b - 1. Let g(r) = -2*r + 10. Let f be g(8). Let v be q(f). Let m = -15 - v. Is 17 a factor of m?
True
Let r = 48 + -44. Suppose 0 = -3*q + 3*y + 36, -2*q = 5*y + 7 + r. Is 7 a factor of q?
True
Suppose -3*i + 1 = -5. Suppose i*v + 3*j = -1 - 0, 4*j - 4 = -4*v. Suppose 5*k = 4*p - 305, 0 = v*k + 3 + 1. Is p a multiple of 15?
True
Let i be 4*(-5)/((-40)/458). Let f = 367 - i. Suppose -5*j - g = -108, -5*j - 5*g + f = 38. Is 15 a factor of j?
False
Let w = 163 - 114. Suppose -w*m = -44*m - 160. Is m a multiple of 5?
False
Let i be ((-8)/6)/4*-15. Suppose 3*c = i + 4. Suppose -l = -c*w - 7, l + 3*l - 2*w - 18 = 0. Does 3 divide l?
False
Suppose -m = -5*n + 2494, -3*n + 7*n - 1992 = 4*m. Let y = -296 + n. Suppose y = -4*f + 523. Is 21 a factor of f?
False
Let a = -11 - -11. Let d be (-2 - -4) + (a - 2). Let s = d - -12. Does 3 divide s?
True
Let u be -1 - 1 - (-4 + 1). Let l(i) = 4*i**3 + i. Let o be l(u). Suppose 3*n = 5*v + 103, 10*n - 4*v - 150 = o*n. Does 25 divide n?
False
Let n(c) = -4*c**3 + 2*c + 1. Let b be n(-1). Suppose 5*a + 4*f - 154 = 0, -5 = -b*f - 2. Does 10 divide a?
True
Let u(c) = -22*c - 6. Let i be u(3). Let s = i - -103. Is s a multiple of 8?
False
Let j be 1 - (1*-2 + (-132 - -2)). Suppose 5*a - j = 5*b + 62, 4*a + 2*b - 162 = 0. Is a a multiple of 4?
True
Let x(j) = j**2 - 29*j + 167. Does 2 divide x(26)?
False
Suppose -z + 472 = q, 0*q + 4*q = 2*z - 950. Is z a multiple of 46?
False
Let d be ((-105)/14)/((-9)/(-12)). Let c be (36/d)/(9/(-150)). Does 8 divide ((-48)/(-60))/(2/c)?
True
Let b = -681 + 735. Let k = -12 - -7. Let g = b + k. Does 16 divide g?
False
Let f = 138 + -72. Is 3 a factor of f?
True
Suppose w - 6*z + 8 = -3*z, -4*z = -4*w. Suppose 15 = 5*i - 6*l + l, 0 = -4*l + w. Suppose j + 68 = 2*f + 2*j, f + i*j - 20 = 0. Is 25 a factor of f?
False
Let l = -12 + 13. Let q be 1/(l/170) + 1. Let c = q + -103. Is c a multiple of 17?
True
Suppose 36 = 3*h - x, -x - 17 = -2*h + 2*x. Suppose h*y = 12*y + 18. Is y a multiple of 9?
True
Suppose 5*j = 3*z - 80, 4*z + 4*j - 160 = -0*z. Suppose -5*v = 3*p - 386, 0 = -4*v - p + z + 271. Is v a multiple of 13?
False
Let o = -727 - -1195. Is 26 a factor of o?
True
Suppose 0 = -3*m + 21*m - 36. Let j(h) = -h**3 + 5*h**2 + 3. Let n be j(5). Suppose 0 = q - m*q - 5, -5*q + 23 = n*g. Is 8 a factor of g?
True
Let r be -7*6 + (-48)/(-16). Let a = -23 - r. Suppose 2*f + 32 = u - a, -138 = -3*u + 4*f. Does 21 divide u?
True
Let w(x) = 2*x - x + 12 + 2 - 1. Let l be w(-11). Suppose 4*h = -3*j + 10 + 17, -2*j + 4*h - l = 0. Is j a multiple of 4?
False
Let n(b) = -3*b - 12. Let g = 6 + -15. Let l be n(g). Let a = l + -8. Is a a multiple of 2?
False
Suppose -12*t + 350 = -7*t. Suppose 0 = -v - 8 + t. Is v a multiple of 31?
True
Let f(z) = z**2 + 13*z + 4. Let y be f(-13). Suppose 0 = s + y*s - 2*h - 116, 102 = 4*s + 3*h. Does 4 divide s?
True
Let a = -331 + 621. Is 3 a factor of a?
False
Let a = 2 - 15. Let o(r) = -3*r**2 + 13*r + 9. Let s(h) = -7*h**2 + 27*h + 20. Let z(g) = 9*o(g) - 4*s(g). Is 20 a factor of z(a)?
False
Is ((-6 - -102) + 3)*5 a multiple of 55?
True
Let t be (-7024)/(-18) + 5*12/(-270). Let s = t - 166. Is 16 a factor of s?
True
Let l(j) = -11*j + 22. Let u(r) = 22*r - 45. Let t be 10/(-2) + 0/2. Let m(w) = t*l(w) - 2*u(w). Is 13 a factor of m(6)?
False
Is 17 a factor of 96/3*(-1176)/(-32)?
False
Let g(m) = 5*m - 2. Let c be g(-2). Let j = c + 17. Suppose j - 35 = -5*v. Is v even?
True
Is 5/45 - (-360620)/171 a multiple of 37?
True
Let m(r) = -5*r**2 - 17*r - 2. Let t(l) = -3*l**2 - 9*l - 1. Let v(o) = 4*m(o) - 7*t(o). Let a be v(-4). Let s = -11 + a. Is 11 a factor of s?
False
Let q = 1619 - 620. Is 9 a factor of q?
True
Let n = -1410 + 2483. Does 37 divide n?
True
Let d(x) = 6*x - 46. Let b be d(8). Does 29 divide b - (6 + -1) - (0 - 234)?
False
Let h(z) = 165*z**2 + 3*z - 2. Let m be h(-4). Suppose 5*f + 346 = m. Is 19 a factor of (-8)/20 + f/15?
False
Let l(t) = -12*t**3 - 5*t**2 - 6. Let s(w) = 12*w**3 + 4*w**2 + 5. Let g(j) = -4*l(j) - 5*s(j). Let u be g(1). Let c(q) = -q**2 - 14*q + 16. Does 5 divide c(u)?
False
Let q = 561 - 273. Is q a multiple of 24?
True
Let j = 58 + -352. Let f = -168 - j. Is f a multiple of 29?
False
Is (-660)/(-1) - 4